{"id":49,"date":"2013-09-18T13:35:46","date_gmt":"2013-09-18T13:35:46","guid":{"rendered":"http:\/\/pixelgrade.com\/demos\/lens\/?page_id=49"},"modified":"2022-01-28T15:48:37","modified_gmt":"2022-01-28T15:48:37","slug":"sobre","status":"publish","type":"page","link":"https:\/\/www.amplimix.com.br\/?page_id=49","title":{"rendered":"About"},"content":{"rendered":"<p>Criado em 2011, Amplimix \u00e9 um est\u00fadio especializado em p\u00f3s produ\u00e7\u00e3o de \u00e1udio.<br \/>\nNossos servi\u00e7os oferecem o que h\u00e1 de melhor e mais moderno em edi\u00e7\u00e3o de som e mixagem (2.0 e 5.1) para s\u00e9ries de tv, document\u00e1rios, filmes, dvds e branded content.<br \/>\nContamos com uma estrutura eficiente, enxuta e confort\u00e1vel, somada a colabora\u00e7\u00e3o e parceria dos mais gabaritados profissionais do mercado de cinema e tv do Brasil.<\/p>\n<p>Temos o prazer de trabalhar com todas as plataformas de streaming do mercado. Netflix, Amazon, HBO MAX, Disney\/Star Plus, entre outras.<\/p>\n<p><a href=\"https:\/\/www.imdb.com\/name\/nm4746630\/?ref_=fn_al_nm_1\">https:\/\/www.imdb.com\/name\/nm4746630\/?ref_=fn_al_nm_1<\/a><\/p>\n<div><\/div>\n<div><\/div>\n<hr class=\"pixcode  pixcode--separator  separator separator--dotted\"\/>\n<a title=\"Facebook\" href=\"http:\/\/facebook.com\" target=\"_blank\" rel=\"noopener\"><i class=\"pixcode  pixcode--icon  icon-facebook-sign    small  \"><\/i><\/a><a title=\"Facebook\" href=\"http:\/\/facebook.com\/estudiosamplimix\" target=\"_blank\" rel=\"noopener\">Facebook<\/a><\/p>\n<p><a title=\"Behance\" href=\"http:\/\/behance.com\" target=\"_blank\" rel=\"noopener\">\u00a0<\/a><\/p>\n","protected":false},"excerpt":{"rendered":"<p>Criado em 2011, Amplimix \u00e9 um est\u00fadio especializado em p\u00f3s produ\u00e7\u00e3o de \u00e1udio. Nossos servi\u00e7os oferecem o que h\u00e1 de melhor e mais moderno em edi\u00e7\u00e3o de som e mixagem (2.0 e 5.1) para s\u00e9ries de tv, document\u00e1rios, filmes, dvds e branded content. Contamos com uma estrutura eficiente, enxuta e [&hellip;]<\/p>\n","protected":false},"author":1,"featured_media":377,"parent":0,"menu_order":7,"comment_status":"closed","ping_status":"closed","template":"","meta":{"footnotes":""},"class_list":["post-49","page","type-page","status-publish","has-post-thumbnail","hentry"],"_links":{"self":[{"href":"https:\/\/www.amplimix.com.br\/index.php?rest_route=\/wp\/v2\/pages\/49","targetHints":{"allow":["GET"]}}],"collection":[{"href":"https:\/\/www.amplimix.com.br\/index.php?rest_route=\/wp\/v2\/pages"}],"about":[{"href":"https:\/\/www.amplimix.com.br\/index.php?rest_route=\/wp\/v2\/types\/page"}],"author":[{"embeddable":true,"href":"https:\/\/www.amplimix.com.br\/index.php?rest_route=\/wp\/v2\/users\/1"}],"replies":[{"embeddable":true,"href":"https:\/\/www.amplimix.com.br\/index.php?rest_route=%2Fwp%2Fv2%2Fcomments&post=49"}],"version-history":[{"count":12,"href":"https:\/\/www.amplimix.com.br\/index.php?rest_route=\/wp\/v2\/pages\/49\/revisions"}],"predecessor-version":[{"id":693,"href":"https:\/\/www.amplimix.com.br\/index.php?rest_route=\/wp\/v2\/pages\/49\/revisions\/693"}],"wp:featuredmedia":[{"embeddable":true,"href":"https:\/\/www.amplimix.com.br\/index.php?rest_route=\/"}],"wp:attachment":[{"href":"https:\/\/www.amplimix.com.br\/index.php?rest_route=%2Fwp%2Fv2%2Fmedia&parent=49"}],"curies":[{"name":"wp","href":"https:\/\/api.w.org\/{rel}","templated":true}]}}